ommon divisor of x and n.
8
Let u = 7 + 2. Let w = u - 5. Let n be (-54)/(-4) + w/(-8). What is the highest common factor of n and 143?
13
Let p = 1 + 3. Let v = 2 - -6. Let b = v + p. What is the greatest common divisor of 12 and b?
12
Suppose 0 = -139*q + 143*q - 176. Calculate the greatest common divisor of 4 and q.
4
Let y be 2/(1*(-3 - -1)). Let n(k) = 37*k**2 + 2*k + 1. Let x be n(y). Suppose m = 4, 0 = 4*w - 0*w - 3*m - x. What is the greatest common divisor of 3 and w?
3
Let k be 2/(-5) + (4214/5)/7. What is the greatest common divisor of k and 24?
24
Let d(n) = 2*n**2 + 3*n - 9. Let l be d(-5). Calculate the greatest common factor of l and 39.
13
Suppose -9*j - 104 = -5*j. Let r = j + 43. Suppose -2*z = -5*p + 87, p = -4*z - 0 + 13. Calculate the greatest common divisor of p and r.
17
Let z(a) = a + 11. Let l = 6 + -15. Let t be z(l). What is the highest common divisor of t and 16?
2
Let j be 5 - 1 - 0/(-1). Calculate the greatest common factor of 8 and j.
4
Let a(y) = -y**3 - 4*y**2 - 3*y - 4. Let h be a(-4). What is the greatest common factor of 8 and h?
8
Let n be -1*3/(-9)*-3. Let s be (-23 + 2)*n + 1. What is the highest common divisor of 33 and s?
11
Let o(m) = 2*m**2 + 6 + m + 3*m**2 + m. Let q be o(-5). Let b = 5 - -6. What is the greatest common factor of q and b?
11
Suppose -35 = -4*f + 5*j, 0*f - f = 4*j - 14. Let p(k) = -4*k + 6. Let o be p(-6). Suppose 4*z - o = z. What is the highest common divisor of z and f?
10
Let c(t) = -13*t - 3. Let i be c(-7). Calculate the highest common divisor of i and 22.
22
Let l(k) = -k**3 + 5*k + 6. Let w be l(-4). What is the highest common factor of 10 and w?
10
Let m = -114 - -126. What is the greatest common factor of 3 and m?
3
Let f = 12 + 3. What is the greatest common factor of 5 and f?
5
Let k = 6 - 1. Let x be -4 + 15 + (-3)/1. Let i be x/12 - (-3)/9. Calculate the highest common factor of k and i.
1
Suppose -21 = -2*i - l, -33 = -3*i + 5*l + 31. Calculate the greatest common divisor of 39 and i.
13
Suppose -4*t = 21 - 73. Let f = 158 - 106. Suppose -f = q - 5*q. What is the highest common divisor of t and q?
13
Let r(z) be the second derivative of 15*z**3 + 3*z**2/2 - 8*z. Let h be r(4). Calculate the highest common factor of 33 and h.
33
Let x(w) = 3*w**2 + 10*w. Let k be x(-7). Suppose 2*g = 3*g - k. Suppose h - 4*o = 11, -11 = -2*h - 5*o + 2*o. What is the highest common divisor of h and g?
7
Suppose m - 3*m + 62 = z, 5*z - 10 = 0. What is the greatest common divisor of m and 45?
15
Let p(h) = 13*h + 6. Let l(z) = 7*z**2 - 2*z - 1. Let q be l(-1). Suppose -q = -o - 2. Let b be p(o). Calculate the highest common divisor of b and 21.
21
Let o be 102/(-1) + 2 - 0. Let g be o/(-7) + 6/(-21). Let p(u) = u**3 - 2*u**2 - u. Let i be p(4). What is the greatest common factor of i and g?
14
Let q(r) = -r**2 + 8*r + 1. Let t be q(8). Let l be 3 - (1 - 2) - t. Let p be (-2 + 56)*4/l. What is the greatest common factor of p and 8?
8
Let b be 4/(-14) - 600/(-42). Calculate the highest common factor of 140 and b.
14
Let p be 26/(0 + (-6)/(-39)). What is the highest common divisor of p and 13?
13
Suppose -2*y - 3*k + 159 = 0, 167 = 3*y + k - 54. Calculate the greatest common divisor of y and 48.
24
Let y = -15 - -25. Suppose 2*q - y = 0, 0*g + q - 329 = -4*g. Suppose -g = -2*f - f - 5*m, 5*m = 5*f - 175. Calculate the greatest common factor of f and 4.
4
Let g(m) = -21*m**3 + 2*m + 1. Let n be g(-1). What is the highest common factor of 20 and n?
20
Suppose 211 + 19 = 2*p. What is the greatest common factor of p and 23?
23
Let i(x) = 3*x**2 + 5*x + 2. Let r = 7 - 13. Let g be i(r). Suppose h - g = -h. Calculate the greatest common factor of 16 and h.
8
Suppose 2*s + 5*n = 0, -2*s + 3 = -3*n - 13. Let y = 9 + s. Calculate the highest common factor of 112 and y.
14
Let n be (-12)/(-18) - 2/3. Suppose v = a + a + 71, n = -3*v - 3*a + 240. Calculate the highest common divisor of 11 and v.
11
Suppose 0*d = -d. Suppose 6*s - 2*s + 5*j - 31 = d, 5*s = -5*j + 35. Suppose -v + 6 + s = 0. Calculate the highest common divisor of 70 and v.
10
Suppose c + 3*c = 2*v + 172, 5*c + v - 229 = 0. Suppose 3*y = 2*y + 2. Suppose -y*n - 2*n = -20. What is the highest common divisor of n and c?
5
Let z be (-61)/(-4) + 1/(-4). Suppose 5*u - 31 = -3*i, 3*u - 14 = -3*i + 7. Let c be 744/z - i/(-5). Calculate the highest common factor of c and 10.
10
Let h(c) = c**2 - 4*c + 6. Let d be h(2). Let i(w) = w**2 - 5*w - 5. Let u be i(6). What is the greatest common factor of d and u?
1
Suppose 3*y - 3 = -0. Let c(t) = 55*t**3 + 1. Let m be c(y). Calculate the greatest common factor of m and 8.
8
Let i be 10/2 + 0 + 0. Suppose 0 = i*a - 139 - 11. Let s = 9 + 11. What is the highest common factor of a and s?
10
Let w be (94 - -1)*(-1 + 2). Let c(k) = -k**3 - 9*k**2 + 5*k - 12. Let l be c(-10). What is the greatest common divisor of w and l?
19
Suppose 19 = -n + 2*n - 3*b, 2*b = -5*n + 10. Suppose 2*c - 4 = n. What is the greatest common factor of 4 and c?
4
Let f(c) = 14*c + 24. Let a be f(4). Suppose -3*p + 74 = 26. What is the highest common divisor of a and p?
16
Suppose 0 = -3*b + 4 + 26. Let y = b - 6. Suppose 7*l - 36 = y*l. What is the highest common divisor of 4 and l?
4
Suppose 3*n + 4 = 16. Suppose -3*m + n*v = -309, 3*m = -0*m - v + 294. Suppose 9*z - 56 - 25 = 0. Calculate the greatest common factor of m and z.
9
Suppose -3*h = 16 - 4. Let j be (-2)/h - 66/(-12). What is the greatest common divisor of j and 6?
6
Suppose h = -0 + 1. Suppose i - 7 = -0*i. Let m = i + h. Calculate the highest common divisor of m and 32.
8
Suppose -5*c = -3*s + 4, 16*s - 11*s - 13 = 2*c. Calculate the greatest common factor of s and 15.
3
Suppose -3*g - 4*d = -g - 28, 4*g = d + 92. What is the highest common divisor of g and 88?
22
Suppose 0 = -4*x + 27 + 21. Suppose -39 - 9 = -o. What is the greatest common divisor of x and o?
12
Suppose -i + 0*l = -4*l - 24, i - 2*l - 14 = 0. What is the highest common divisor of i and 2?
2
Let q(v) = 3*v + 5. Let u be q(7). Suppose 5*l - u = -4*j, 0 = -5*j + 3*j - 5*l + 18. Calculate the highest common factor of 4 and j.
4
Suppose 0 = -3*v - 64 + 142. What is the highest common factor of 52 and v?
26
Let y(g) = -2*g + 32. Let k be y(14). What is the greatest common factor of k and 2?
2
Let f(t) = t**2 - 11*t + 24. Let a be f(13). What is the highest common factor of 75 and a?
25
Suppose 0 = -4*y - 3 + 11. Suppose -y*u = -0*u - 18. Calculate the greatest common factor of u and 3.
3
Suppose 0 = 4*w - 4 - 4, 2*v = -2*w + 34. Let q = 80 - v. Suppose 2*d + 3*n = 43, -d + 14 = -0*d + 4*n. What is the greatest common factor of d and q?
13
Let x = -92 - -103. What is the greatest common factor of x and 55?
11
Suppose 4*w = -4*w + 248. Calculate the highest common divisor of w and 62.
31
Suppose 5*d = -2*d + 420. What is the highest common factor of 48 and d?
12
Suppose 0 = -5*a - 3*k + 25, -2*a - 2*k + 1 = k. Calculate the highest common factor of 72 and a.
8
Suppose 4*y - s - 3 = 14, -2*s + 5 = 5*y. Suppose 5*t - 5*z = 140, -4*t - 2*z + z + 107 = 0. What is the greatest common divisor of t and y?
3
Let q(b) be the third derivative of b**4/6 + 2*b**3/3 - 3*b**2. Let c be q(-3). Let d be (1 + 3)/(c/(-12)). What is the highest common factor of 4 and d?
2
Suppose 2*p - 4*s = -350, 4*s = 3*p + 2*s + 529. Let l = -97 - p. Calculate the highest common factor of 16 and l.
16
Let g(a) = -a**2 + 10. Let l be g(0). Let f be (238/6 - 0) + 1/3. Calculate the greatest common divisor of l and f.
10
Let n(s) = s + 10. Let d be n(-10). Let a be -2 - 1 - -19 - d. Let c = 0 - -16. Calculate the highest common factor of a and c.
16
Suppose -2 - 2 = 4*y - 3*l, 3*y = -l + 10. Suppose -f + 9 + y = 0. Calculate the highest common factor of f and 121.
11
Suppose 20 = -2*r + 7*r. Let m(u) = u**2 + 4 + 2*u**2 - 2*u + u - 4*u**2. Let z be m(0). What is the highest common factor of r and z?
4
Suppose v + 5 = -0. Let w be 18/45 - 88/v. Calculate the highest common factor of w and 144.
18
Let z = -59 - -62. What is the greatest common factor of 3 and z?
3
Suppose 200 - 11 = 3*h. What is the greatest common factor of 21 and h?
21
Let q(g) = 7*g - 2. Let c be q(6). Suppose -5*r = -25, 4*f = -4*r + 33 + 27. Calculate the highest comm